composite number?
False
Is 99445 a composite number?
True
Is 12677 a prime number?
False
Is 139267 a composite number?
False
Is 191407 a composite number?
True
Is 2209547 a composite number?
False
Is 1361 a composite number?
False
Is 2591 prime?
True
Is 18037 composite?
True
Is 40381 a composite number?
True
Is 27419 a composite number?
True
Is 416309 a composite number?
True
Is 75659 composite?
False
Is 87011 a composite number?
False
Is 36607 composite?
False
Is 142829 composite?
True
Is 185789 composite?
False
Is 189058 prime?
False
Is 51643 prime?
False
Is 66217 composite?
True
Is 202927 a composite number?
True
Is 21089 composite?
False
Is 42487 a composite number?
False
Is 103289 prime?
True
Is 16963 composite?
False
Is 53195 a composite number?
True
Is 527251 a prime number?
True
Is 5711 prime?
True
Is 379893 a prime number?
False
Is 65951 composite?
False
Is 3419 a composite number?
True
Is 9569 composite?
True
Is 261823 a prime number?
True
Is 794351 a composite number?
True
Is 380753 prime?
True
Is 22739 composite?
False
Is 10037 a prime number?
True
Is 40213 composite?
False
Is 874151 composite?
False
Is 10966 composite?
True
Is 1361011 composite?
False
Is 55439 composite?
False
Is 44069 composite?
True
Is 24733 a prime number?
True
Is 6803 a composite number?
False
Is 39133 composite?
False
Is 572549 composite?
False
Is 695171 a composite number?
False
Is 51293 prime?
False
Is 88127 composite?
True
Is 151303 composite?
False
Is 24199 composite?
True
Is 25219 a composite number?
False
Is 264757 composite?
False
Is 14189 a prime number?
False
Is 12661 composite?
True
Is 54127 a prime number?
False
Is 143713 a composite number?
True
Is 37495 composite?
True
Is 36833 composite?
False
Is 2609 composite?
False
Is 1942519 composite?
False
Is 97667 a prime number?
False
Is 71157 a composite number?
True
Is 452611 a composite number?
False
Is 489589 a prime number?
False
Is 16837 prime?
False
Is 5381 prime?
True
Is 50023 a prime number?
True
Is 381 prime?
False
Is 26737 composite?
False
Is 10231 prime?
False
Is 433645 a composite number?
True
Is 2861 a composite number?
False
Is 2797 a composite number?
False
Is 17455 prime?
False
Is 81223 a prime number?
True
Is 114269 a composite number?
False
Is 37933 a prime number?
False
Is 1541357 a composite number?
False
Is 8191 composite?
False
Is 126263 prime?
False
Is 89967 a prime number?
False
Is 3863 a composite number?
False
Is 1607503 prime?
False
Is 1901 prime?
True
Is 142007 composite?
False
Is 71411 a composite number?
False
Is 9343 composite?
False
Is 783641 a composite number?
False
Is 243379 a composite number?
True
Is 7223 composite?
True
Is 15859 composite?
False
Is 3691 prime?
True
Is 93563 composite?
False
Is 14843 composite?
False
Is 14143 a prime number?
True
Is 4481 prime?
True
Is 10181 a composite number?
False
Is 182057 a prime number?
True
Is 13327 a composite number?
False
Is 307 prime?
True
Is 6581 a composite number?
False
Is 15681 prime?
False
Is 346133 composite?
False
Is 55799 a prime number?
True
Is 2686667 a prime number?
True
Is 63077 a prime number?
False
Is 15427 prime?
True
Is 8501 a composite number?
False
Is 14867 a prime number?
True
Is 29713 prime?
False
Is 97529 a composite number?
True
Is 1161035 a composite number?
True
Is 574031 composite?
False
Is 11945 a composite number?
True
Is 55399 composite?
False
Is 239803 a prime number?
True
Is 73265 a prime number?
False
Is 6677 composite?
True
Is 4391 composite?
False
Is 1288487 a prime number?
True
Is 2329 a prime number?
False
Is 5897 a composite number?
False
Is 31469 a composite number?
False
Is 33979 composite?
True
Is 480553 prime?
True
Is 1385921 composite?
False
Is 65693 composite?
True
Is 62302 prime?
False
Is 71935 composite?
True
Is 1460887 a composite number?
False
Is 3413 composite?
False
Is 12781 a prime number?
True
Is 314403 prime?
False
Is 1733 a prime number?
True
Is 22871 a composite number?
False
Is 7621 a prime number?
True
Is 37255 prime?
False
Is 7273 a prime number?
False
Is 16423 composite?
True
Is 74747 prime?
True
Is 53989 prime?
False
Is 34981 prime?
True
Is 25573 composite?
True
Is 50501 prime?
False
Is 10055 a composite number?
True
Is 27785 prime?
False
Is 2539 composite?
False
Is 1340771 prime?
False
Is 13191 a composite number?
True
Is 34321 a prime number?
False
Is 3027 a prime number?
False
Is 4010705 composite?
True
Is 13523 composite?
False
Is 353357 prime?
False
Is 2053 composite?
False
Is 279779 prime?
True
Is 4907 a prime number?
False
Is 1335506 a prime number?
False
Is 3503 prime?
False
Is 31139 prime?
True
Is 7639 a prime number?
True
Is 580573 prime?
False
Is 160553 a composite number?
False
Is 1924093 composite?
False
Is 3989 composite?
False
Is 29917 composite?
False
Is 371491 prime?
True
Is 19571 prime?
True
Is 43391 a prime number?
True
Is 495609 prime?
False
Is 16729 a prime number?
True
Is 33 composite?
True
Is 12443 a composite number?
True
Is 77305 prime?
False
Is 325667 a prime number?
True
Is 207071 a prime number?
False
Is 20021 a composite number?
False
Is 806623 a prime number?
False
Is 804179 a prime number?
True
Is 10867 a prime number?
True
Is 39943 a composite number?
True
Is 10007 composite?
False
Is 455995 composite?
True
Is 15191 a prime number?
False
Is 942706 a prime number?
False
Is 3761 a prime number?
True
Is 2813 prime?
False
Is 1527311 a prime number?
True
Is 1219 composite?
True
Is 452099 a prime number?
False
Is 3371 a composite number?
False
Is 2278547 a prime number?
False
Is 375149 composite?
False
Is 46807 prime?
True
Is 227741 a composite number?
True
Is 923863 composite?
True
Is 54709 prime?
True
Is 70535 composite?
True
Is 2596847 prime?
False
Is 1087 a prime number?
True
Is 441229 a composite number?
False
Is 48973 prime?
True
Is 928979 a composite number?
False
Is 2531 prime?
True
Is 282959 composite?
False
Is 6539 a composite number?
True
Is 7355 composite?
True
Is 180137 composite?
False
Is 1361 a composite number?
False
Is 124577 prime?
True
Is 4861 composite?
False
Is 324743 prime?
True
Is 359213 prime?
False
Is 707627 composite?
False
Is 1353178 composite?
True
Is 659 composite?
False
Is 215051 a composite number?
False
Is 422071 composite?
True
Is 22267 a prime number?
False
Is 381251 a prime number?
False
Is 92767 composite?
False
Is 27349 prime?
False
Is 390386 prime?
False
Is 78467 a composite number?
False
Is 34031 composite?
False
Is 342179 a prime number?
True
Is 34183 prime?
True
Is 26621 prime?
False
Is 948085 composite?
True
Is 9487 prime?
False
Is 244939 a prime number?
True
Is 132077 a composite number?
True
Is 10939 a composite number?
False
Is 958 a composite number?
True
Is 77457 a composite number?
True
Is 662989 prime?
False
Is 121037 a prime number?
False
Is 22181 prime?
False
Is 229781 a composite number?
False
Is 157393 a composite number?
False
Is 3779 composite?
False
Is 730649 prime?
False
Is 326923 a prime number?
True
Is 200623 composite?
True
Is 65761 a prime number?
True
Is 1519697 a prime number?
False
Is 36587 a prime number?
True
Is 1031 composite?
False
Is 20411 a composite number?
False
Is 430693 composite?
True
Is 746071 composite?
True
Is 717 prime?
False
Is 1117 prime?
True
Is 66683 a prime number?
True
Is 553 a composite number?
True
Is 1267 a prime number?
False
Is 9865 a prime number?
False
Is 192133 a composite number?
False
Is 1055 prime?
False
Is 604427 a composite number?
False
Is 213205 composite?
True
Is 39499 prime?
True
Is 355193 composite?
False
Is 448057 composite?
False
Is 2707 a composite number?
False
Is 56591 composite?
False
Is 603419 prime?
False
Is 170933 prime?
False
Is 45817 a composite number?
False
Is 4481 a prime number?
True
Is 1382515 a prime number?
False
Is 28022 prime?
False
Is 26977 composite?
True
Is 4974071 a prime number?
True
Is 3641 a composite number?
True
Is 80477 a prime number?
False
Is 466321 composite?
False
Is 63521 composite?
False
Is 41303 prime?
False
Is 426719 prime?
False
Is 522337 prime?
True
Is 178241 a prime number?
False
Is 247647 composite?
True
Is 90149 a prime number?
True
Is 125371 a composite number?
False
Is 53921 a prime number?
False
Is 105901 a composite number?
True
Is 15971 composite?
False
Is 26933 composite?
True
Is 557519